{"id":72,"date":"2024-04-22T17:26:29","date_gmt":"2024-04-22T20:26:29","guid":{"rendered":"https:\/\/gzs02.zappacorp.com\/?page_id=72"},"modified":"2024-04-22T17:39:59","modified_gmt":"2024-04-22T20:39:59","slug":"principais-jogos-olimpicos-de-inverno","status":"publish","type":"page","link":"https:\/\/gzs02.zappacorp.com\/index.php\/principais-jogos-olimpicos-de-inverno\/","title":{"rendered":"Principais Jogos Ol\u00edmpicos de Inverno"},"content":{"rendered":"\n<p>Aqui est\u00e3o 5 dos principais jogos Ol\u00edmpicos de Inverno:<\/p>\n\n\n\n<h2 class=\"wp-block-heading\">Esqui<\/h2>\n\n\n\n<p>Um dos principais motivos que explicam o sucesso das\u00a0<strong>modalidades de esqui<\/strong>\u00a0ao redor do mundo \u00e9 o universo de possibilidades que o esporte oferece, garantindo emo\u00e7\u00e3o e divers\u00e3o para todo tipo de pessoa, em qualquer tipo de terreno. O esqui possui v\u00e1rias modalidades, a que eu irei citar nesta p\u00e1gina \u00e9 sobre o <strong>esqui estilo livre<\/strong>.<br>O <strong>esqui estilo livre<\/strong>, tamb\u00e9m conhecido como esqui freestyle, seu objetivo \u00e9 realizar as acrobacias mais t\u00e9cnicas e criativas, combinando velocidade, agilidade e capacidade de realizar manobras a\u00e9reas durante a pr\u00e1tica de esqui.<br>O estilo livre foi reconhecido como uma disciplina pela Federa\u00e7\u00e3o Internacional de Esqui (FIS), em 1979. O \u00f3rg\u00e3o dirigente trouxe novos regulamentos na tentativa de conter alguns dos elementos mais perigosos do esporte em sua inf\u00e2ncia, e a primeira s\u00e9rie da Copa do Mundo FIS foi realizada no ano seguinte.<\/p>\n\n\n\n<figure class=\"wp-block-image size-full is-resized\"><img loading=\"lazy\" decoding=\"async\" width=\"268\" height=\"180\" src=\"https:\/\/gzs02.zappacorp.com\/wp-content\/uploads\/2024\/04\/image-33.png\" alt=\"\" class=\"wp-image-90\" style=\"width:333px;height:auto\"\/><\/figure>\n\n\n\n<p><br><\/p>\n\n\n\n<h2 class=\"wp-block-heading\">H\u00f3quei no gelo<\/h2>\n\n\n\n<p>O h\u00f3quei no gelo \u00e9 um esporte de equipe r\u00e1pido, eficiente e emocionante. Ele atrai grandes multid\u00f5es nos Jogos Ol\u00edmpicos, gra\u00e7as ao espet\u00e1culo e \u00e0 tens\u00e3o das partidas.<\/p>\n\n\n\n<p>A primeira equipe reconhecida, o McGill University Hockey Club, foi formada em 1880, quando o h\u00f3quei se tornou o esporte nacional canadense e se espalhou por todo o pa\u00eds. Em 1892, o Governador Geral do Canad\u00e1 ofereceu a Ta\u00e7a Stanley (&#8220;Stanley Cup&#8221;), que foi conquistada pela primeira vez por uma equipe representante da Associa\u00e7\u00e3o Atl\u00e9tica Amadora de Montr\u00e9al.<\/p>\n\n\n\n<figure class=\"wp-block-image size-full\"><img loading=\"lazy\" decoding=\"async\" width=\"480\" height=\"270\" src=\"https:\/\/gzs02.zappacorp.com\/wp-content\/uploads\/2024\/04\/image-34.png\" alt=\"\" class=\"wp-image-95\" srcset=\"https:\/\/gzs02.zappacorp.com\/wp-content\/uploads\/2024\/04\/image-34.png 480w, https:\/\/gzs02.zappacorp.com\/wp-content\/uploads\/2024\/04\/image-34-300x169.png 300w\" sizes=\"(max-width: 480px) 100vw, 480px\" \/><\/figure>\n\n\n\n<h2 class=\"wp-block-heading\">Bobsled<\/h2>\n\n\n\n<p>O bobsled \u00e9 um esporte de inverno criado pelos su\u00ed\u00e7os no final de 1860, no qual equipes fazem descidas cronometradas em pistas de gelo estreitas, sinuosas e inclinadas em um tren\u00f3 movido pela for\u00e7a da gravidade. As corridas cronometradas s\u00e3o combinados para calcular a pontua\u00e7\u00e3o final.<\/p>\n\n\n\n<p>Em 1924, nos Jogos Ol\u00edmpicos de Inverno, em Chamonix, aconteceu a primeira competi\u00e7\u00e3o de bobsled com 4 homens. Em 1932, nos Jogos de Lake Placid, o evento de 2 homens foi adicionado em um formato que se mant\u00e9m at\u00e9 os dias de hoje. A primeira competi\u00e7\u00e3o feminina de bobsled \u2014 com 2 mulheres \u2014aconteceu em 2002.<\/p>\n\n\n\n<figure class=\"wp-block-image size-large is-resized\"><img loading=\"lazy\" decoding=\"async\" width=\"1024\" height=\"660\" src=\"https:\/\/gzs02.zappacorp.com\/wp-content\/uploads\/2024\/04\/image-36-1024x660.png\" alt=\"\" class=\"wp-image-98\" style=\"width:617px;height:auto\" srcset=\"https:\/\/gzs02.zappacorp.com\/wp-content\/uploads\/2024\/04\/image-36-1024x660.png 1024w, https:\/\/gzs02.zappacorp.com\/wp-content\/uploads\/2024\/04\/image-36-300x193.png 300w, https:\/\/gzs02.zappacorp.com\/wp-content\/uploads\/2024\/04\/image-36-768x495.png 768w, https:\/\/gzs02.zappacorp.com\/wp-content\/uploads\/2024\/04\/image-36-1536x990.png 1536w, https:\/\/gzs02.zappacorp.com\/wp-content\/uploads\/2024\/04\/image-36-2048x1320.png 2048w\" sizes=\"(max-width: 1024px) 100vw, 1024px\" \/><\/figure>\n\n\n\n<h2 class=\"wp-block-heading\">Curling<\/h2>\n\n\n\n<p>O curling \u00e9 um esporte de equipe com quatro jogadores cada, praticado em uma pista de gelo retangular, o objetivo\u00a0\u00e9 lan\u00e7ar pedras o mais pr\u00f3ximo poss\u00edvel do alvo. As equipes s\u00e3o formadas pelos lan\u00e7adores e pelos varredores. Os varredores acompanham a pedra lan\u00e7ada com uma vassoura, diminuindo o atrito da pedra com o gelo. <br>Para eventos cobertos, o gelo criado artificialmente \u00e9 borrifado com gotas d&#8217;\u00e1gua que congelam e deixam a pista \u00e1spera. Esse tipo de gelo, chamado gelo pedregoso, auxilia na ader\u00eancia da pedra e possibilita um jogo mais consistente.<\/p>\n\n\n\n<figure class=\"wp-block-image size-large is-resized\"><img loading=\"lazy\" decoding=\"async\" width=\"1024\" height=\"660\" src=\"https:\/\/gzs02.zappacorp.com\/wp-content\/uploads\/2024\/04\/image-39-1024x660.png\" alt=\"\" class=\"wp-image-103\" style=\"width:474px;height:auto\" srcset=\"https:\/\/gzs02.zappacorp.com\/wp-content\/uploads\/2024\/04\/image-39-1024x660.png 1024w, https:\/\/gzs02.zappacorp.com\/wp-content\/uploads\/2024\/04\/image-39-300x193.png 300w, https:\/\/gzs02.zappacorp.com\/wp-content\/uploads\/2024\/04\/image-39-768x495.png 768w, https:\/\/gzs02.zappacorp.com\/wp-content\/uploads\/2024\/04\/image-39-1536x990.png 1536w, https:\/\/gzs02.zappacorp.com\/wp-content\/uploads\/2024\/04\/image-39-2048x1320.png 2048w\" sizes=\"(max-width: 1024px) 100vw, 1024px\" \/><\/figure>\n\n\n\n<h2 class=\"wp-block-heading\">Snowboard<\/h2>\n\n\n\n<p>Um dos esportes de inverno mais populares e apaixonantes do mundo, o\u00a0<strong>snowboard<\/strong> que combina elementos do surfe, do skate e do esqui e ele proporciona um mix de sensa\u00e7\u00f5es indescrit\u00edveis \u2013 de passeios tranquilos nas pistas at\u00e9 picos de adrenalina com os saltos e manobras mais radicais.<\/p>\n\n\n\n<p>Os Estados Unidos realizaram seus primeiros campeonatos nacionais em 1982 e sediaram o primeiro Campeonato Mundial, em 1983. A Federa\u00e7\u00e3o Internacional de Snowboard (sigla ISF em ingl\u00eas) foi formada sete anos depois e a Federa\u00e7\u00e3o Internacional de Esqui (sigla FIS em franc\u00eas) introduziu o snowboard como uma das suas disciplinas em 1994. Isso ajudou a pavimentar o caminho para a inclus\u00e3o do snowboard nos Jogos Ol\u00edmpicos de Inverno.<\/p>\n\n\n\n<figure class=\"wp-block-image size-large\"><img loading=\"lazy\" decoding=\"async\" width=\"1024\" height=\"576\" src=\"https:\/\/gzs02.zappacorp.com\/wp-content\/uploads\/2024\/04\/image-41-1024x576.png\" alt=\"\" class=\"wp-image-108\" srcset=\"https:\/\/gzs02.zappacorp.com\/wp-content\/uploads\/2024\/04\/image-41-1024x576.png 1024w, https:\/\/gzs02.zappacorp.com\/wp-content\/uploads\/2024\/04\/image-41-300x169.png 300w, https:\/\/gzs02.zappacorp.com\/wp-content\/uploads\/2024\/04\/image-41-768x432.png 768w, https:\/\/gzs02.zappacorp.com\/wp-content\/uploads\/2024\/04\/image-41-1536x864.png 1536w, https:\/\/gzs02.zappacorp.com\/wp-content\/uploads\/2024\/04\/image-41-2048x1152.png 2048w\" sizes=\"(max-width: 1024px) 100vw, 1024px\" \/><\/figure>\n","protected":false},"excerpt":{"rendered":"<p>Aqui est\u00e3o 5 dos principais jogos Ol\u00edmpicos de Inverno: Esqui Um dos principais motivos que explicam o sucesso das\u00a0modalidades de esqui\u00a0ao redor do mundo \u00e9 <a href=\"https:\/\/gzs02.zappacorp.com\/index.php\/principais-jogos-olimpicos-de-inverno\/\" class=\"btn btn-link continue-link\">Continue Reading<\/a><\/p>\n","protected":false},"author":2,"featured_media":89,"parent":0,"menu_order":0,"comment_status":"open","ping_status":"closed","template":"","meta":{"footnotes":""},"jetpack_sharing_enabled":true,"_links":{"self":[{"href":"https:\/\/gzs02.zappacorp.com\/index.php\/wp-json\/wp\/v2\/pages\/72"}],"collection":[{"href":"https:\/\/gzs02.zappacorp.com\/index.php\/wp-json\/wp\/v2\/pages"}],"about":[{"href":"https:\/\/gzs02.zappacorp.com\/index.php\/wp-json\/wp\/v2\/types\/page"}],"author":[{"embeddable":true,"href":"https:\/\/gzs02.zappacorp.com\/index.php\/wp-json\/wp\/v2\/users\/2"}],"replies":[{"embeddable":true,"href":"https:\/\/gzs02.zappacorp.com\/index.php\/wp-json\/wp\/v2\/comments?post=72"}],"version-history":[{"count":3,"href":"https:\/\/gzs02.zappacorp.com\/index.php\/wp-json\/wp\/v2\/pages\/72\/revisions"}],"predecessor-version":[{"id":109,"href":"https:\/\/gzs02.zappacorp.com\/index.php\/wp-json\/wp\/v2\/pages\/72\/revisions\/109"}],"wp:featuredmedia":[{"embeddable":true,"href":"https:\/\/gzs02.zappacorp.com\/index.php\/wp-json\/wp\/v2\/media\/89"}],"wp:attachment":[{"href":"https:\/\/gzs02.zappacorp.com\/index.php\/wp-json\/wp\/v2\/media?parent=72"}],"curies":[{"name":"wp","href":"https:\/\/api.w.org\/{rel}","templated":true}]}}